+ 17*i + 15. Let j be k(21). Suppose 0 = 22*l - 14*l - j. What are the prime factors of l?
3, 89
Let j(z) be the third derivative of -z**6/120 - 11*z**5/60 - 5*z**4/6 - 3*z**3/2 + 4*z**2. Let d be j(-9). List the prime factors of ((-456)/(-20))/(d/30).
2, 19
Suppose 86*p + 15461 = 56913. List the prime factors of p.
2, 241
Let d be ((-377)/26 - -15)/((-1)/(-70)). Suppose d*i - 30*i - 5150 = 0. What are the prime factors of i?
2, 5, 103
Let a = -98 - -50. Let r be ((-183)/2)/(a/(-64)). Let q = 205 + r. List the prime factors of q.
83
Suppose 4*b - 73689 - 148761 = -26*b. List the prime factors of b.
5, 1483
Let z(s) = 2852*s**3 - 2*s**2 + 5*s - 2. What are the prime factors of z(1)?
3, 317
Suppose -75*t + 73*t - 58322 = -4*k, -43734 = -3*k + 4*t. What are the prime factors of k?
2, 23, 317
Let r(l) be the second derivative of 515*l**4/6 - l**3/2 + 5*l**2/2 + 3*l - 1. List the prime factors of r(1).
2, 3, 43
Let x(d) = 55*d**3 + 4*d**2 - 3*d + 1. Suppose -4*c + 5*s = -33, s - 4 = 3*c + 3*s. List the prime factors of x(c).
11, 41
Let x(n) be the first derivative of 3 + 0*n**2 + 129/4*n**4 + 0*n + 1/3*n**3. List the prime factors of x(1).
2, 5, 13
Suppose 18*h - 3437 = 865. List the prime factors of 2 + h - (33 - 29).
3, 79
Let h be (-621)/(-45) + (-2)/(-10). Let f be h/(-35) - 354/(-10). Suppose -5*j + 4*t = -350, -2*t + f = -j + 99. List the prime factors of j.
2, 37
Suppose -14*n + 2 = 30. Let m(a) = -1. Let l(g) = 47*g + 15. Let d(o) = -l(o) - 3*m(o). List the prime factors of d(n).
2, 41
Suppose 0 = -90*u + 1048539 + 85101. List the prime factors of u.
2, 47, 67
Suppose -4*s + 5799 = 5*k, -k + 47*s + 1175 = 44*s. Suppose 25*b = 26*b + 2*p - k, 5*b = 2*p + 5803. What are the prime factors of b?
3, 43
Let h(u) = 2*u**3 - 27*u**2 - 12*u - 17. Suppose -4*b + 45 + 11 = 0. List the prime factors of h(b).
11
Let q be (5 - 6)/(6/(-4) - -2). What are the prime factors of (-223)/q - 5/(-10)?
2, 7
Let y(p) be the third derivative of 21*p**5/40 - 3*p**4/8 - p**3/6 + 33*p**2. Let r(s) be the first derivative of y(s). List the prime factors of r(2).
3, 13
Let q be (0 - (-115)/20)*(0 + 4). Suppose -5*o + q = x, -x = -6*x - 3*o + 203. Suppose x*m = 39*m + 676. List the prime factors of m.
13
Let q be (30/(-2))/3*-1. Suppose 5*b + 125 - 1225 = 0. Suppose q*h - b - 160 = 0. What are the prime factors of h?
2, 19
Suppose -105*p + 820 + 1175 = 0. Let r(v) = -v + 4*v + 3*v - 28. What are the prime factors of r(p)?
2, 43
Suppose -9*m = -3*r - 8*m + 7166, 4*r - 3*m - 9563 = 0. List the prime factors of r.
7, 11, 31
Let g(z) = 3*z**2 - 314*z + 56398. What are the prime factors of g(0)?
2, 163, 173
Suppose 7*c = 9*c - 210. Let h = c + 24. Suppose -3*l - 12 = -h. List the prime factors of l.
3, 13
Let o(i) be the second derivative of -i**4/6 + 2*i**3 + 7*i**2 + 53*i. What are the prime factors of o(6)?
2, 7
Suppose -558*g - 82255 = -527*g - 917922. List the prime factors of g.
7, 3851
Let l(k) = -227*k - 52. Let p(f) = 10*f**2 + 51*f + 3. Let y be p(-5). List the prime factors of l(y).
2, 3, 67
Let a = -11192 + 16079. List the prime factors of a.
3, 181
Suppose -11*q - 3*q + 17*q = 29268. List the prime factors of q.
2, 3, 271
Suppose -5 = -p - 4*d + 11, -p + 5*d - 2 = 0. Suppose 0 = p*u - 10*u + 380. Suppose 5*h + 2*w = 459, -2*h - 3*w + u = w. What are the prime factors of h?
7, 13
Let v be 42/(-105) + 9224/10. Suppose -5*j + 695 + 1554 = 4*p, 0 = 2*j - 4*p - v. List the prime factors of j.
3, 151
Let x(u) = 4*u**2 - 14*u - 4. Let j be x(4). Let s = 7 + -7. Suppose -j*w = -3*f - 248, -2*w = f - s*f - 114. List the prime factors of w.
59
Let s(j) be the first derivative of j**4/4 + 5*j**3 - j**2 - 4*j - 17. Let m be s(-15). Let n = 104 - m. What are the prime factors of n?
2, 3, 13
Suppose 0 = -4*r + 20 - 4. Let m = -5005 + 5595. Suppose -r*o - 202 = -m. What are the prime factors of o?
97
Suppose -3*p - 2*p = -20. Suppose -6*z = 4*m - z + 20, -3*z - 12 = -2*m. List the prime factors of p + -3 + m + (-2 - -125).
2, 31
Let b(j) = -3*j + 11. Let r be b(-3). Suppose 4*n = -16*f + r*f + 2116, -4*n = f - 2101. What are the prime factors of n?
2, 263
Suppose 0 = -3*k - 4*w + 122675 + 11910, k = -w + 44864. List the prime factors of k.
3, 14957
Let v(g) = 27*g**2 - 8*g + 9. Let y(h) = -h**2 - 7*h - 7. Let w be y(-2). What are the prime factors of v(w)?
2, 3, 19
Let w = 73 + -124. Let y be 6 + 1*6 + (-23 - -18). What are the prime factors of w/(-6)*(y - 1)?
3, 17
What are the prime factors of (13011 + -7)/(5/10)?
2, 3251
Suppose 0 = 5*c - 20, -581588 = -5*b + 5*c - 113263. What are the prime factors of b?
3, 31223
Suppose 311 = 4*g - 3*t, -3*g + t - 163 = -5*g. Let l = 341 - 235. Suppose -2*r - 2*s = -l, 3*r - 3*s - g = 55. What are the prime factors of r?
7
Let d(c) = -5*c + 6*c + 1 + 4 - 1. Let o be d(-7). List the prime factors of 3/o - (-1 - 52).
2, 13
Let t(p) = p**3 - 17*p**2 - 52*p + 61. List the prime factors of t(24).
5, 569
Suppose 407 = 21*v - 10*v. Suppose 36*l = v*l - 437. List the prime factors of l.
19, 23
Let g(s) = 4*s**3 + s**2 - 4*s + 3. Let l(i) = 16*i**2 - 15 - 13*i - 7*i + 11*i**3 + 2*i - 10*i**3. Let p be l(-17). What are the prime factors of g(p)?
31
Let c = -43443 - -95939. What are the prime factors of c?
2, 17, 193
Let k = -15 - -17. Suppose 1120 = 5*m + 2*d, -k*m + 314 + 110 = -4*d. What are the prime factors of m?
2, 3, 37
Let p(o) = 9*o**2 - 321*o + 4603. List the prime factors of p(15).
7, 37
Let b = -700 - -7475. List the prime factors of b.
5, 271
Let o = 24 + -35. Let k = -7 - o. Suppose -k*g + z + 0*z + 539 = 0, -z = -g + 137. What are the prime factors of g?
2, 67
Suppose -66128 = -5*k + 162868 + 40534. List the prime factors of k.
2, 26953
Suppose 0 = -11*a + 5*a - 2658. Let v = a - -732. Let m = 413 - v. What are the prime factors of m?
2, 31
Let x = 22352 - 9235. List the prime factors of x.
13, 1009
What are the prime factors of (-18)/8*11416/(-3) + (-15 - -17)?
2, 2141
Let a = -8 + -692. Let m = -125 - a. List the prime factors of m.
5, 23
Let j be 409/4 + 9/(-60)*-5. Suppose -5*a + s = 450 + 135, 3*s - j = a. Let m = -79 - a. What are the prime factors of m?
3, 13
Let c(b) = -799*b**3 + b**2 - 4*b - 1. List the prime factors of c(-3).
11, 13, 151
Suppose 26*c - 813834 = -24*c - 4*c. What are the prime factors of c?
7, 2153
Let t = 2668 - -1058. List the prime factors of t.
2, 3, 23
What are the prime factors of 208185/21 + 440/308?
3, 5, 661
Suppose z - 8*i - 165 = -11*i, 4*z - 712 = i. What are the prime factors of ((-3)/(-2))/(z/90152)?
2, 191
Let g(b) be the first derivative of 479*b**3/3 + 7*b**2/2 - 9*b - 304. List the prime factors of g(2).
17, 113
Let n = -52 + 64. Let l(u) = -u - 16 + n*u - u + 2*u. What are the prime factors of l(11)?
2, 29
Let f be ((-20)/(-8))/(1/2). Suppose -5*x + 17 = -r - 0*x, x = r + f. List the prime factors of r*(-5 + (-657)/6).
229
Suppose -3*f = 2*f - 480. Suppose 3*v - f = -0*v. List the prime factors of (278/(-8))/((-8)/v).
139
Suppose 140*y - 4*v + 32048 = 142*y, -80050 = -5*y + 4*v. List the prime factors of y.
2, 3, 17, 157
List the prime factors of (((-4)/5)/(1800/(-7307250)))/(1/3).
9743
Let h be (-17)/(-12)*4 + 2/(-3). Suppose l - h*l + 4*o = -844, 0 = o + 1. What are the prime factors of l?
2, 3, 5, 7
Let i = -20063 - -31160. What are the prime factors of i?
3, 137
Suppose 0 = z - 0 + 7. List the prime factors of (-2542)/z - (-144)/168.
2, 7, 13
What are the prime factors of 3 - 3/((-27)/33930)?
7, 11
Suppose -7*n + 2 = -5. Let v be (28/(-2))/(-3*n/84). Let f = v + -270. List the prime factors of f.
2, 61
Let y = -94 + 104. Suppose -4*m = m - y. Suppose -5*z + 5*v = -145, -3*z - m*z = -v - 165. List the prime factors of z.
2, 17
Let l = -19919 - -68027. List the prime factors of l.
2, 3, 19, 211
Suppose 2*k - 5*h = -548, 2*k + h + 742 - 194 = 0. Let m = k - -576. List the prime factors of m.
2, 151
What are the prime factors of (1 + -652)*65741/(-1167)?
7, 13, 31
Suppose 100672 = -255*m + 268*m. List the prime factors of m.
2, 11
Suppose -2*m = 7 - 13. Suppose 3*l - m*k + k = 1272, -5*k = 4*l - 1673. What are the prime factors of l?
2, 211
Let t(o) = 9*o**2 - 17*o + 46. Let n = -224 + 231. List the prime factors of t(n).
2, 23
Suppose 2*j = -z + 206, -2*z + 2*j + 2*j = -388. Let a = -